{"id":6938,"date":"2022-01-27T16:22:50","date_gmt":"2022-01-27T16:22:50","guid":{"rendered":"https:\/\/lacasermetta.com\/accommodation\/deluxe-laub\/"},"modified":"2022-01-27T16:22:50","modified_gmt":"2022-01-27T16:22:50","slug":"deluxe-laub","status":"publish","type":"mphb_room_type","link":"https:\/\/lacasermetta.com\/de\/accommodation\/deluxe-laub\/","title":{"rendered":"Deluxe Laub"},"content":{"rendered":"<p>Das Deluxe-Zimmer &#8216;Foliage&#8217; ist nach dem immer wiederkehrenden Naturschauspiel in den Herbstmonaten benannt, wenn das Vigezzo-Tal mit zahlreichen bunten Bl\u00e4ttern bedeckt ist. Ausgestattet mit fein handbemalten M\u00f6beln im rustikalen Stil, erinnert die Unterkunft genau an das Ph\u00e4nomen der Farben. <\/p>\n<p>Zug\u00e4nglicher Balkon.<img loading=\"lazy\" decoding=\"async\" class=\"wp-image-3720 alignright\" src=\"https:\/\/lacasermetta.com\/wp-content\/uploads\/2019\/12\/Lavanderia-Milanese-Verbania-007-270w-e1655193308293.webp\" alt=\"\" width=\"82\" height=\"30\"><\/p>\n<h6 style=\"text-align: center;\">DIENSTLEISTUNGEN AUF DEM ZIMMER<\/h6>\n<p style=\"text-align: center;\">ZUBEH\u00d6R<br \/>\nHAUSTIERE ERLAUBT<br \/>\nAUFZUG<br \/>\nWASSERKOCHER<br \/>\nFR\u00dcHST\u00dcCK<br \/>\nK\u00dcHLSCHRANK MINIBAR<br \/>\nSMART TV<br \/>\nW-LAN<\/p>\n<p style=\"text-align: center;\">_________________________________________________________<\/p>\n<div class=\"room-rules\">\n<h6 style=\"text-align: center;\">Hausordnung<\/h6>\n<p style=\"text-align: center;\">Check-in: bedient von 14:00 bis 16:00 Uhr, Self-Check-in bis 22:00 Uhr, Gep\u00e4ckaufbewahrung bis 14:00 Uhr m\u00f6glich.<br \/>\nCheck-out: bis 10:00 Uhr.<\/p>\n<p style=\"text-align: center;\">F\u00fcr Tiere wird eine obligatorische Reinigungsgeb\u00fchr von \u20ac 30 erhoben.<\/p>\n<p style=\"text-align: center;\">Extras:<br \/>\n&#8211; Fr\u00fchst\u00fcck: \u20ac 12 pro Person<br \/>\n&#8211; Waschmaschine\/Trockner: \u20ac 5<\/p>\n<\/div>\n","protected":false},"excerpt":{"rendered":"<p>Das Deluxe-Zimmer &#8216;Foliage&#8217; ist nach dem immer wiederkehrenden Naturschauspiel in den Herbstmonaten benannt, wenn das Vigezzo-Tal mit zahlreichen bunten Bl\u00e4ttern bedeckt ist. Ausgestattet mit fein handbemalten M\u00f6beln im rustikalen Stil, erinnert die Unterkunft genau an das Ph\u00e4nomen der Farben. Zug\u00e4nglicher Balkon. DIENSTLEISTUNGEN AUF DEM ZIMMER ZUBEH\u00d6R HAUSTIERE ERLAUBT AUFZUG WASSERKOCHER FR\u00dcHST\u00dcCK K\u00dcHLSCHRANK MINIBAR SMART TV [&hellip;]<\/p>\n","protected":false},"featured_media":6377,"menu_order":0,"template":"","mphb_room_type_category":[],"mphb_room_type_tag":[],"mphb_room_type_facility":[],"class_list":["post-6938","mphb_room_type","type-mphb_room_type","status-publish","has-post-thumbnail","hentry","mphb-room-type-adults-2","mphb-room-type-children-0",""],"acf":[],"_links":{"self":[{"href":"https:\/\/lacasermetta.com\/de\/wp-json\/wp\/v2\/mphb_room_type\/6938","targetHints":{"allow":["GET"]}}],"collection":[{"href":"https:\/\/lacasermetta.com\/de\/wp-json\/wp\/v2\/mphb_room_type"}],"about":[{"href":"https:\/\/lacasermetta.com\/de\/wp-json\/wp\/v2\/types\/mphb_room_type"}],"wp:featuredmedia":[{"embeddable":true,"href":"https:\/\/lacasermetta.com\/de\/wp-json\/wp\/v2\/media\/6377"}],"wp:attachment":[{"href":"https:\/\/lacasermetta.com\/de\/wp-json\/wp\/v2\/media?parent=6938"}],"wp:term":[{"taxonomy":"mphb_room_type_category","embeddable":true,"href":"https:\/\/lacasermetta.com\/de\/wp-json\/wp\/v2\/mphb_room_type_category?post=6938"},{"taxonomy":"mphb_room_type_tag","embeddable":true,"href":"https:\/\/lacasermetta.com\/de\/wp-json\/wp\/v2\/mphb_room_type_tag?post=6938"},{"taxonomy":"mphb_room_type_facility","embeddable":true,"href":"https:\/\/lacasermetta.com\/de\/wp-json\/wp\/v2\/mphb_room_type_facility?post=6938"}],"curies":[{"name":"wp","href":"https:\/\/api.w.org\/{rel}","templated":true}]}}

<p>Das Deluxe-Zimmer &#8216;Foliage&#8217; ist nach dem immer wiederkehrenden Naturschauspiel in den Herbstmonaten benannt, wenn das Vigezzo-Tal mit zahlreichen bunten Blättern bedeckt ist. Ausgestattet mit fein handbemalten Möbeln im rustikalen Stil, erinnert die Unterkunft genau an das Phänomen der Farben. </p>
<p>Zugänglicher Balkon.<img loading="lazy" decoding="async" class="wp-image-3720 alignright" src="https://lacasermetta.com/wp-content/uploads/2019/12/Lavanderia-Milanese-Verbania-007-270w-e1655193308293.webp" alt="" width="82" height="30"></p>
<h6 style="text-align: center;">DIENSTLEISTUNGEN AUF DEM ZIMMER</h6>
<p style="text-align: center;">ZUBEHÖR<br />
HAUSTIERE ERLAUBT<br />
AUFZUG<br />
WASSERKOCHER<br />
FRÜHSTÜCK<br />
KÜHLSCHRANK MINIBAR<br />
SMART TV<br />
W-LAN</p>
<p style="text-align: center;">_________________________________________________________</p>
<div class="room-rules">
<h6 style="text-align: center;">Hausordnung</h6>
<p style="text-align: center;">Check-in: bedient von 14:00 bis 16:00 Uhr, Self-Check-in bis 22:00 Uhr, Gepäckaufbewahrung bis 14:00 Uhr möglich.<br />
Check-out: bis 10:00 Uhr.</p>
<p style="text-align: center;">Für Tiere wird eine obligatorische Reinigungsgebühr von € 30 erhoben.</p>
<p style="text-align: center;">Extras:<br />
&#8211; Frühstück: € 12 pro Person<br />
&#8211; Waschmaschine/Trockner: € 5</p>
</div>

<p>Das Deluxe-Zimmer &#8216;Foliage&#8217; ist nach dem immer wiederkehrenden Naturschauspiel in den Herbstmonaten benannt, wenn das Vigezzo-Tal mit zahlreichen bunten Blättern bedeckt ist. Ausgestattet mit fein handbemalten Möbeln im rustikalen Stil, erinnert die Unterkunft genau an das Phänomen der Farben. Zugänglicher Balkon. DIENSTLEISTUNGEN AUF DEM ZIMMER ZUBEHÖR HAUSTIERE ERLAUBT AUFZUG WASSERKOCHER FRÜHSTÜCK KÜHLSCHRANK MINIBAR SMART TV [&hellip;]</p>
